pose -557 = -l*n - 4*y + 145, n - 349 = -y. Is n a composite number?
False
Suppose 0 = -463*g + 28307849 + 2427334 + 20568458. Is g prime?
True
Suppose 0 = -x + 3*l + 65797, -3*x - 100*l + 95*l = -197419. Is x a composite number?
True
Suppose -17*a + 3*a + 13790 = 0. Suppose -3*g - 3344 = -5*c, -3*c - 4*g + a + 1004 = 0. Is c prime?
False
Suppose -2129*r = -2123*r - 7121598. Is r a composite number?
True
Let y(o) = -788*o + 377. Is y(-52) a prime number?
False
Let x be (-12)/(-3)*7/(-2). Let w = x + 14. Suppose w = -4*u - y - 1481 + 4100, 0 = 3*u + 3*y - 1962. Is u prime?
False
Let p = 68 - 75. Is (3491/p)/(7/(-49)) a composite number?
False
Suppose 2*l = 5*l + 18. Let o(w) = -336*w - 29. Is o(l) prime?
True
Let c(w) = 2*w**3 + 83*w**2 + 10*w - 12. Is c(-41) prime?
True
Let q(n) = -12409*n - 5141. Is q(-10) prime?
False
Let l = 210 + -205. Is l - ((-14548)/10)/(25/125) prime?
False
Let m = 73596 - 35561. Suppose -38029 = -4*y - 5*a, -5*y = -y + 3*a - m. Is y prime?
True
Suppose 39*x - 1226184 = x. Let a = x - 7987. Is a a composite number?
False
Let z be -4 - -6 - (2 + -19). Suppose 3*p = -n + 10057, -5*p = z*n - 23*n + 40262. Is n composite?
True
Suppose -15 - 1 = -8*u. Suppose 0 = -5*h - u*h - 7. Is h*(782*1)/(-2) a composite number?
True
Let d(a) = -15*a**3 + 2*a**2 + 13*a + 42. Let o be d(-4). Let z = 117 + o. Is z a composite number?
True
Suppose -3*r = -3*z - 15, 2*r = -3*z - 3*r - 23. Let x be ((-9700)/15)/(4/z). Is (-18)/(-12)*x/3 composite?
True
Let q = 37 - -60. Suppose -2*l = -99 - q. Suppose l = f - 219. Is f a composite number?
False
Let m(j) = 1617*j**2 - 12*j + 88. Is m(9) a prime number?
True
Let y = 10785 + -5904. Is y a composite number?
True
Let a(z) be the first derivative of -38*z**3/3 - 7*z**2/2 + 40*z + 17. Let j(c) be the first derivative of a(c). Is j(-14) a composite number?
True
Suppose -3*k + 9*w - 4*w = -4399, -2*k + 3*w + 2933 = 0. Suppose 4*f + 4*p - 12 = 0, -5*f + f = p - 9. Is (f - 2) + (k - -5) composite?
True
Suppose -100 = -3*z + 4*q, -5*z + 5*q - 19 = -184. Suppose 8883 = -z*c + 31571. Is c prime?
True
Let c(q) = 91*q**2 - 82*q - 622. Is c(-22) composite?
True
Let k = -43 + 129. Let d = k + 181. Let o = d - 4. Is o composite?
False
Let d(k) = -484*k**3 - 4*k**2 - 5*k + 23. Is d(-6) a composite number?
True
Suppose -124*k = -113*k - 10848 - 77075. Is k prime?
True
Suppose 97237 - 21904 = 3*n. Is n composite?
False
Suppose 6*q - 323613 = -35*q. Suppose q = -829*i + 838*i. Is i a prime number?
True
Let s(y) = -3836*y - 11. Let h(l) = -3837*l - 10. Let b(k) = -5*h(k) + 4*s(k). Is b(1) a prime number?
True
Let h(f) be the first derivative of 7*f + 236*f**2 + 0*f - 25 + 8*f - 8*f. Is h(2) composite?
True
Let a be 0 + ((-28)/48*76 - (-1)/3). Let w be (0 - -2) + (-713)/1. Let z = a - w. Is z prime?
False
Is 36/(-252) + 0 + 11188/14 composite?
True
Let r be (-4)/(-18) + (-80864)/(-126). Suppose -3*l + r = 4*u - 439, -4*l - 294 = -u. Let a = u - 80. Is a prime?
False
Let w be -3593*(82/(-26) - 24/(-156)). Suppose 3*s - 2*r - 7003 - 3776 = 0, 5*r - w = -3*s. Is s a composite number?
False
Is (252/32)/(-21) - (-205307)/8 composite?
True
Suppose 3*g - 57 = -3*t, 4*t - 5*g - 36 = 49. Is 139648/t - 0 - (-4)/(-10) a prime number?
False
Let s(g) = g - 7. Let k be s(7). Suppose 4*o - 41231 + 14515 = k. Is o composite?
False
Let r(d) = -616*d + 110. Let k be r(5). Let i = -637 - k. Is i composite?
False
Suppose p - 2 = -5*r - 22, -4*r = -5*p + 16. Let i(u) = -u**2 - 3*u + 6787. Is i(p) prime?
False
Suppose -4*j + 2*j - 10 = -3*x, -13 = -2*x - 5*j. Suppose 5*t - x*t = 3*b + 4054, 0 = 4*t + 5*b - 16165. Is t prime?
False
Let y be (-4 + -4)/(-1 - 58/(-54)). Let l be (-564)/y + 4/(-18). Suppose l*n - 4*s - 2932 - 362 = 0, -5*n + 3298 = -3*s. Is n prime?
False
Suppose -76*g + 101*g = 17441825. Is g prime?
True
Suppose -2*s + 5*w = 2625 + 2982, 4*w = -5*s - 13935. Let l = 28 - s. Is l prime?
True
Let n = -445724 + 668139. Is n a prime number?
False
Let m = -13782 - -166889. Is m a prime number?
True
Let j(b) = -15749*b - 7. Let m be j(-1). Suppose -773 = -9*v + m. Is v a composite number?
True
Suppose -5*c + 11407 = a - 5122, 0 = -c - a + 3309. Let m = c + -1404. Is m a prime number?
True
Is (690/276)/((-10)/(-357196)) a composite number?
True
Let t(w) = -12 - 10*w**2 + 4*w**2 + 10*w**2 + 5*w**2 - 3*w + 2*w**3. Let o be t(6). Suppose -o - 477 = -3*f. Is f prime?
True
Let a be 3/(-6)*(11 + -1). Let q be (-3 - (2 + -4))*a. Suppose 4*m = -i + 57 + 74, 0 = -i - q. Is m composite?
True
Suppose 4*c - 5887 = -g - 2*g, 5*c - 9810 = -5*g. Let w = g - 480. Is w a prime number?
True
Let b(n) = 124*n**2 - 148*n + 89. Is b(-47) prime?
False
Suppose -19*v + 4*w - 411578 = -21*v, 3*v - 6*w - 617331 = 0. Is v composite?
False
Suppose -8*f = -4*k - 7*f + 6715, 5*k - 8399 = -4*f. Is k a composite number?
True
Let o be (-3333)/12*(0 + 1 + -5). Suppose 5 = -v, -3*v = 5*w + 1034 + o. Let k = 1367 + w. Is k a composite number?
False
Suppose -5*p - 8706 = -5*t - 2011, -5*t - 3*p = -6687. Suppose y + t = 2*x + 6*y, 5*x = -4*y + 3379. Is x a composite number?
True
Suppose -5*w = d - 11 + 36, 16 = -4*w. Let s be (-2)/d - (-49)/(-35) - -4764. Suppose -s = -6*x + 18211. Is x prime?
False
Let m(z) be the second derivative of 455*z**4/6 - 5*z**3/6 - 3*z**2/2 - 15*z. Is m(-2) prime?
False
Let x be -34 - -5068 - (-1)/1. Suppose 2*v = 3*t - x, -v = -6*v + 5. Is (t + -1)/2 + -6 + 6 a prime number?
True
Let x(n) = 57*n - 73. Suppose 3*b - 58 = -4*j, -86 = -3*b - 3*j - 29. Is x(b) a composite number?
False
Let n(k) = -2*k**2 - 8 + 3 - 22*k - 15 + 0. Let w be n(-10). Suppose -4*j - 965 = -3*a + 448, -5*a - 5*j + 2355 = w. Is a composite?
True
Suppose x + 1032 = 7*x. Let y be ((x/(-3))/(-2))/((-9)/(-54)). Let n = y + 831. Is n composite?
True
Let n be 1 - 0 - -3 - 3. Let h be (-1*n)/((1 + -5)/88). Suppose 1423 = -21*w + h*w. Is w a composite number?
False
Suppose 8*a = 17*a + 9. Let k(n) = 14585*n**2 + 6*n + 6. Is k(a) prime?
False
Let i = 5253694 - 3703289. Is i prime?
False
Let u = 160 + -144. Suppose -u = 4*x, 0 = g - x - 522 - 1529. Is g prime?
False
Let v = 19 + -17. Suppose w = 3*s - 31871, -20852 - 406 = -2*s - v*w. Let k = s - 7588. Is k composite?
False
Let d be (0 + 8/(-12))/(10/(-55905)). Let h = -908 + d. Is h a composite number?
False
Let c = 5651 - 838. Suppose -y + c = -4*o, -4*y + 2*y = 5*o + 6000. Let g = -661 - o. Is g a prime number?
True
Suppose 2*b - b = -12. Let w(j) be the first derivative of j**3 - 8*j**2 - j + 9. Is w(b) composite?
True
Suppose p - 2*h - 291 = 4*p, 4*h + 297 = -3*p. Is (-3455)/1*19/p prime?
True
Let h(q) = 628*q + 9305. Is h(53) composite?
False
Suppose -4*v + 223185 = i + 32930, 0 = -4*i + v + 760969. Is i prime?
True
Let b = 23137 - 3992. Suppose 0 = 9*z + b - 69752. Is z prime?
True
Let f(o) be the second derivative of -7*o**6/120 + o**5/20 - o**4/8 - 11*o**3/6 - o**2 + 9*o. Let c(w) be the first derivative of f(w). Is c(-4) a prime number?
False
Is 2/(-19) + 68701230/1482 a prime number?
False
Suppose -455*o + 481*o = 1848262. Is o composite?
True
Is (-3)/21*78137*1253/(-179) a composite number?
False
Let h(t) = -t**3 - 72*t**2 - 2*t + 72133. Is h(0) a prime number?
False
Suppose -5*u = a - 1817, -2*u = -3*a + 2696 + 2738. Let g be ((-15)/10)/((-42)/56). Suppose -g*n - 5*r = -3913, -2098 = -2*n - 4*r + a. Is n a composite number?
False
Suppose 5*w - 358 = -v, 2*w = 5*w - v - 218. Let b be (-48)/w - 11/(-3). Suppose 0 = -b*l + 2*f + 4779, 2659 = 3*l - 3*f - 2123. Is l a composite number?
True
Let o = -911 + 858. Let y(i) = -440*i + 79. Is y(o) a composite number?
False
Let l(x) = 27*x**3 + 18*x**2 - 339*x + 37. Is l(12) a composite number?
True
Is 14/(-10) - (-14 - 4702672/130) a prime number?
True
Suppose 152*y + 141*y - 617522 - 764559 = 0. Is y composite?
True
Let u = -552 - -548. Let b(o) = -17*o**3 - 4*o**2 + 11*o - 1. Is b(u) a prime number?
False
Suppose 2*a = -6*a - 0*a. Suppose a = 3*p, 3*t + 0 = 3*p - 9. Is 0 + t - (3 + -1285) - 0 composite?
False
Suppose 64*v = -262*v + 1237850362. Is v a prime number?
False
Let b(i) = -4*i + 29. Let o be b(6). Suppose -f + 479 = o*g, -177 = 2*f + 2*g - 1135. Is f a prime number?
True
Suppose -575421 = -3*n - 2*l, 96 = l + 99. Is n composite?
True
Suppose -27*m - 15*m = -3*m.